 divide 24716962?
True
Is 30323520 a multiple of 6?
True
Is 289565628 a multiple of 66?
True
Does 86 divide 94141620?
True
Is 23484340 a multiple of 44?
True
Is 278230145 a multiple of 62?
False
Is 852 a factor of 31237728?
True
Is 129 a factor of 8315388?
False
Does 8 divide 68440124?
False
Is 932987 a multiple of 10?
False
Is 2116 a factor of 532201508?
True
Is 166694597 a multiple of 12?
False
Does 28 divide 60049945?
False
Does 50 divide 38519150?
True
Does 2149 divide 25969416?
False
Is 3474917 a multiple of 8?
False
Does 120 divide 239027760?
True
Is 1034486931 a multiple of 259?
False
Is 519408742 a multiple of 118?
True
Is 39965995 a multiple of 112?
False
Is 24405652 a multiple of 17?
False
Is 50479987 a multiple of 61?
False
Does 7213 divide 1578651606?
True
Does 207 divide 361013175?
True
Is 104 a factor of 127782616?
True
Does 45 divide 125461035?
True
Does 3270 divide 820259880?
True
Does 1248 divide 34636473?
False
Is 7 a factor of 264395730?
False
Does 3 divide 5009271?
True
Is 433464480 a multiple of 285?
True
Is 748 a factor of 138929032?
True
Does 90 divide 2884912?
False
Is 7 a factor of 4166152?
False
Is 7 a factor of 21038?
False
Is 80127518 a multiple of 38?
False
Is 2 a factor of 453811208?
True
Is 160 a factor of 33885920?
True
Is 3728388851 a multiple of 2479?
False
Is 439497984 a multiple of 4117?
True
Is 1040926000 a multiple of 5800?
True
Is 21288026 a multiple of 454?
False
Is 265873445 a multiple of 907?
True
Is 31 a factor of 46360852?
False
Does 1985 divide 17807435?
True
Is 311547527 a multiple of 23?
False
Does 503 divide 93312092?
False
Is 6686883 a multiple of 63?
True
Is 3847954968 a multiple of 18?
True
Does 35 divide 555181865?
True
Does 193 divide 29301580?
False
Is 38 a factor of 586931302?
False
Does 144 divide 1429483342?
False
Is 3 a factor of 118334571?
True
Does 76 divide 27387160?
False
Is 91 a factor of 172489644?
False
Does 590 divide 49285829?
False
Is 346 a factor of 49555158?
True
Is 41448923 a multiple of 47?
False
Does 16 divide 342453413?
False
Is 33545114 a multiple of 17?
True
Is 56697376 a multiple of 13?
False
Is 225863988 a multiple of 21?
True
Is 116 a factor of 6885446?
False
Is 5837928 a multiple of 100?
False
Does 1266 divide 2011571454?
True
Is 13691776 a multiple of 1813?
True
Is 23 a factor of 22355439?
False
Is 250 a factor of 63329813?
False
Is 77405092 a multiple of 2574?
False
Is 2081 a factor of 1360218597?
True
Is 2312 a factor of 2526447248?
True
Does 224 divide 933112264?
False
Is 104647712 a multiple of 16?
True
Is 414929792 a multiple of 496?
True
Is 91554303 a multiple of 314?
False
Does 3964 divide 123545988?
True
Is 25351724 a multiple of 107?
True
Is 77002924 a multiple of 8?
False
Is 167 a factor of 55848122?
False
Is 1816 a factor of 27194600?
True
Is 17 a factor of 3741142493?
False
Is 179 a factor of 2166254241?
True
Does 73 divide 26100132?
False
Is 1958 a factor of 91491466?
True
Is 118922083 a multiple of 7?
True
Is 35 a factor of 630761040?
True
Is 435339300 a multiple of 14?
False
Is 3678 a factor of 1015378354?
False
Does 687 divide 27093371?
False
Is 64214323 a multiple of 6?
False
Does 660 divide 2076257297?
False
Is 18 a factor of 1564398?
True
Does 1220 divide 131530640?
True
Does 538 divide 121937162?
True
Is 1875 a factor of 98881875?
True
Is 518919915 a multiple of 28?
False
Is 10 a factor of 62356910?
True
Is 1417 a factor of 138477742?
True
Does 5 divide 17244025?
True
Is 218 a factor of 11772?
True
Does 43 divide 17158290?
True
Does 25 divide 1138750?
True
Is 6 a factor of 16410520?
False
Does 203 divide 24978744?
True
Is 20 a factor of 3754716492?
False
Is 213372538 a multiple of 181?
False
Is 55 a factor of 4702720?
True
Is 1322 a factor of 72758914?
True
Does 68 divide 823628003?
False
Is 42 a factor of 617202264?
True
Is 318 a factor of 52231500?
True
Is 10 a factor of 200085060?
True
Is 23599604 a multiple of 973?
False
Is 107850776 a multiple of 539?
False
Does 59 divide 1487390?
True
Is 277064212 a multiple of 5?
False
Is 1900889706 a multiple of 613?
True
Does 2194 divide 1704213634?
True
Does 193 divide 26388815?
False
Does 896 divide 55977600?
True
Does 993 divide 71661698?
False
Does 23 divide 2411611589?
False
Is 3929340 a multiple of 430?
True
Is 11 a factor of 346750679?
True
Is 2726253 a multiple of 149?
True
Is 5 a factor of 25794425?
True
Is 36681285 a multiple of 15?
True
Does 16 divide 1156975728?
True
Does 135 divide 195333651?
False
Does 462 divide 10519278?
True
Is 27612360 a multiple of 270?
True
Does 24 divide 103524768?
True
Is 1012580816 a multiple of 100?
False
Does 6 divide 37473313?
False
Is 30237624 a multiple of 24?
True
Does 197 divide 103550107?
False
Is 193 a factor of 19689338?
False
Does 5486 divide 1513598372?
True
Does 5 divide 18764925?
True
Is 6651679 a multiple of 5?
False
Does 145 divide 31559540?
True
Is 3695727400 a multiple of 614?
True
Does 119 divide 2481518?
False
Does 8 divide 3251238?
False
Does 1779 divide 65874710?
False
Is 4302 a factor of 1285962444?
True
Does 13 divide 7510371?
False
Does 59 divide 122731090?
False
Is 46253880 a multiple of 197?
False
Is 26787537 a multiple of 189?
True
Is 32 a factor of 1724429?
False
Does 519 divide 2198065601?
False
Is 673728242 a multiple of 22?
True
Does 179 divide 5429770248?
True
Does 255 divide 235485870?
True
Does 4 divide 74698247?
False
Does 723 divide 280126350?
True
Does 5 divide 1624008525?
True
Is 1932 a factor of 385548803?
False
Is 51 a factor of 357732350?
False
Is 18620475 a multiple of 52?
False
Is 1162486161 a multiple of 247?
False
Is 78423822 a multiple of 285?
False
Is 14545150 a multiple of 50?
True
Is 339 a factor of 49622481?
True
Does 14838 divide 1211240778?
True
Is 1527 a factor of 1937440642?
False
Does 1790 divide 724836261?
False
Does 79 divide 215735560?
False
Is 81662976 a multiple of 18?
True
Is 135529779 a multiple of 10?
False
Is 29065438 a multiple of 83?
True
Does 4 divide 29520768?
True
Is 11 a factor of 1002253925?
False
Does 81 divide 16982622?
True
Does 6 divide 89510255?
False
Is 97352198 a multiple of 3506?
False
Is 143737967 a multiple of 633?
False
Does 15 divide 75813120?
True
Does 100 divide 9152686?
False
Does 289 divide 11616066?
True
Is 18667350 a multiple of 2?
True
Is 23796003 a multiple of 651?
True
Does 55 divide 21565263?
False
Is 76613499 a multiple of 181?
True
Does 858 divide 95541732?
True
Does 83 divide 28598563?
True
Does 25 divide 29263405?
False
Is 1216396333 a multiple of 138?
False
Is 7955387 a multiple of 19?
False
Is 274266865 a multiple of 448?
False
Is 322 a factor of 247122151?
False
Is 83 a factor of 3238826?
True
Does 4231 divide 4305578197?
False
Is 104388570 a multiple of 234?
True
Is 1777 a factor of 26444158?
False
Does 314 divide 26825027?
False
Does 4 divide 79232808?
True
Does 26 divide 202566038?
False
Does 46 divide 54634798?
True
Is 66963229 a multiple of 43?
False
Does 121 divide 114941047?
False
Is 4690028364 a multiple of 609?
True
Does 21 divide 3309786354?
True
Does 18 divide 326853792?
True
Is 34902575 a multiple of 26?
False
Is 143848430 a multiple of 55?
True
Is 60 a factor of 108425460?
True
Is 4324832 a multiple of 313?
False
Is 56 a factor of 9336370?
False
Is 643 a factor of 377757522?
False
Does 38 divide 27361482?
True
Does 27 divide 6962386?
False
Does 24 divide 4871256?
True
Does 79 divide 12164341?
True
Does 295 divide 6425985?
True
Is 316351104 a multiple of 46?
False
Does 797 divide 89623748?
False
Does 38 divide 20683306?
False
Is 104397 a multiple of 17?
True
Is 2664279094 a multiple of 2712?
False
Does 10082 divide 326263602?
True
Is 40 a factor of 202207901?
False
Is 411952312 a multiple of 11?
False
Is 1084047966 a multiple of 1409?
True
Does 742 divide 9211188?
True
Is 1177290411 a multiple of 2408?
False
Does 17 divide 623834?
False
Is 317643815 a multiple of 19?
False
Is 15 a factor of 187007354?
False
Does 75 divide 2616126914?
False
Does 19 divide 456825?
False
Does 30 divide 47113837?
False
Does 23 divide 669633500?
True
Does 125 divide 9849625?
True
Is 12893529 a multiple of 3?
True
Is 36323675 a multiple of 134?
False
Does 164 divide 82979117?
False
Is 39193206 a multiple of 141?
True
Is 2506 a factor of 951575890?
False
Does 549 divide 